{"id":1283,"date":"2026-09-03T11:48:09","date_gmt":"2026-09-03T09:48:09","guid":{"rendered":"https:\/\/www.montrond-le-fort.fr\/?post_type=mec-events&#038;p=1283"},"modified":"2026-09-03T11:48:09","modified_gmt":"2026-09-03T09:48:09","slug":"journees-du-patrimoine-du-18-au-20-semptembre","status":"publish","type":"mec-events","link":"https:\/\/www.montrond-le-fort.fr\/index.php\/events\/journees-du-patrimoine-du-18-au-20-semptembre\/","title":{"rendered":"Journ\u00e9es du patrimoine &#8211; du 18 au 20 semptembre"},"content":{"rendered":"<p><strong>Journ\u00e9es du patrimoine<\/strong><\/p>\n<p>\u00c0 l\u2019occasion des Journ\u00e9es Europ\u00e9ennes du Patrimoine, le ch\u00e2teau de Montrond-les-Bains accueille, du 18 au 20 septembre 2026, des artisans d\u2019art venus partager leur passion et leur savoir-faire.<\/p>\n<p>\u2728 Vitraillistes, enlumineurs, sculpteurs, restaurateurs d\u2019\u0153uvres d\u2019art, couturiers et bien d\u2019autres vous feront d\u00e9couvrir leurs m\u00e9tiers et leurs techniques \u00e0 travers des d\u00e9monstrations en direct et des \u00e9changes avec le public.<\/p>\n<p>\ud83c\udff0 Tout au long du week-end, profitez \u00e9galement de visites guid\u00e9es du ch\u00e2teau, d\u2019animations et de jeux pour les enfants. Une belle occasion de d\u00e9couvrir les coulisses de ces m\u00e9tiers d\u2019exception en famille ou entre amis !<\/p>\n<p>\ud83d\udcc5 Vendredi 18 septembre \u2013 de 14h \u00e0 18h<br \/>\nJourn\u00e9e d\u00e9di\u00e9e aux professionnels, communes, ma\u00eetres d\u2019ouvrages publics et priv\u00e9s et aux \u00e9coles.<\/p>\n<p>\ud83d\udcc5 Samedi 19 et dimanche 20 septembre<br \/>\nLe salon est ouvert gratuitement \u00e0 tous.<\/p>\n<p>\ud83d\udccd Ch\u00e2teau de Montrond-les-Bains<\/p>\n<p>\ud83d\udc49 Venez \u00e0 la rencontre de celles et ceux qui contribuent \u00e0 faire vivre et transmettre notre patrimoine !<\/p>\n","protected":false},"excerpt":{"rendered":"<p>Journ\u00e9es du patrimoine \u00c0 l\u2019occasion des Journ\u00e9es Europ\u00e9ennes du Patrimoine, le ch\u00e2teau de Montrond-les-Bains accueille, du 18 au 20 septembre 2026, des artisans d\u2019art venus partager leur passion et leur savoir-faire. \u2728 Vitraillistes, enlumineurs, sculpteurs, restaurateurs d\u2019\u0153uvres d\u2019art, couturiers et bien d\u2019autres vous feront d\u00e9couvrir leurs m\u00e9tiers et leurs techniques \u00e0 travers des d\u00e9monstrations en [&hellip;]<\/p>\n","protected":false},"author":2,"featured_media":1284,"comment_status":"closed","ping_status":"closed","template":"","tags":[],"mec_category":[],"class_list":["post-1283","mec-events","type-mec-events","status-publish","has-post-thumbnail","hentry"],"_links":{"self":[{"href":"https:\/\/www.montrond-le-fort.fr\/index.php\/wp-json\/wp\/v2\/mec-events\/1283","targetHints":{"allow":["GET"]}}],"collection":[{"href":"https:\/\/www.montrond-le-fort.fr\/index.php\/wp-json\/wp\/v2\/mec-events"}],"about":[{"href":"https:\/\/www.montrond-le-fort.fr\/index.php\/wp-json\/wp\/v2\/types\/mec-events"}],"author":[{"embeddable":true,"href":"https:\/\/www.montrond-le-fort.fr\/index.php\/wp-json\/wp\/v2\/users\/2"}],"replies":[{"embeddable":true,"href":"https:\/\/www.montrond-le-fort.fr\/index.php\/wp-json\/wp\/v2\/comments?post=1283"}],"wp:featuredmedia":[{"embeddable":true,"href":"https:\/\/www.montrond-le-fort.fr\/index.php\/wp-json\/wp\/v2\/media\/1284"}],"wp:attachment":[{"href":"https:\/\/www.montrond-le-fort.fr\/index.php\/wp-json\/wp\/v2\/media?parent=1283"}],"wp:term":[{"taxonomy":"post_tag","embeddable":true,"href":"https:\/\/www.montrond-le-fort.fr\/index.php\/wp-json\/wp\/v2\/tags?post=1283"},{"taxonomy":"mec_category","embeddable":true,"href":"https:\/\/www.montrond-le-fort.fr\/index.php\/wp-json\/wp\/v2\/mec_category?post=1283"}],"curies":[{"name":"wp","href":"https:\/\/api.w.org\/{rel}","templated":true}]}}

Journées du patrimoine &#8211; du 18 au 20 semptembre

<p><strong>Journées du patrimoine</strong></p>
<p>À l’occasion des Journées Européennes du Patrimoine, le château de Montrond-les-Bains accueille, du 18 au 20 septembre 2026, des artisans d’art venus partager leur passion et leur savoir-faire.</p>
<p>✨ Vitraillistes, enlumineurs, sculpteurs, restaurateurs d’œuvres d’art, couturiers et bien d’autres vous feront découvrir leurs métiers et leurs techniques à travers des démonstrations en direct et des échanges avec le public.</p>
<p>🏰 Tout au long du week-end, profitez également de visites guidées du château, d’animations et de jeux pour les enfants. Une belle occasion de découvrir les coulisses de ces métiers d’exception en famille ou entre amis !</p>
<p>📅 Vendredi 18 septembre – de 14h à 18h<br />
Journée dédiée aux professionnels, communes, maîtres d’ouvrages publics et privés et aux écoles.</p>
<p>📅 Samedi 19 et dimanche 20 septembre<br />
Le salon est ouvert gratuitement à tous.</p>
<p>📍 Château de Montrond-les-Bains</p>
<p>👉 Venez à la rencontre de celles et ceux qui contribuent à faire vivre et transmettre notre patrimoine !</p>

<p>Journées du patrimoine À l’occasion des Journées Européennes du Patrimoine, le château de Montrond-les-Bains accueille, du 18 au 20 septembre 2026, des artisans d’art venus partager leur passion et leur savoir-faire. ✨ Vitraillistes, enlumineurs, sculpteurs, restaurateurs d’œuvres d’art, couturiers et bien d’autres vous feront découvrir leurs métiers et leurs techniques à travers des démonstrations en [&hellip;]</p>
