{"id":493,"date":"2023-05-11T11:21:52","date_gmt":"2023-05-11T09:21:52","guid":{"rendered":"https:\/\/www.montrond-le-fort.fr\/index.php\/avertissement\/"},"modified":"2023-05-11T11:51:41","modified_gmt":"2023-05-11T09:51:41","slug":"avertissement","status":"publish","type":"page","link":"https:\/\/www.montrond-le-fort.fr\/index.php\/avertissement\/","title":{"rendered":"Avertissement"},"content":{"rendered":"<p>[et_pb_section fb_built=\u00a0\u00bb1&Prime; _builder_version=\u00a0\u00bb4.21.0&Prime; _module_preset=\u00a0\u00bbdefault\u00a0\u00bb background_color=\u00a0\u00bb#000000&Prime; global_colors_info=\u00a0\u00bb{}\u00a0\u00bb theme_builder_area=\u00a0\u00bbpost_content\u00a0\u00bb][et_pb_row _builder_version=\u00a0\u00bb4.21.0&Prime; _module_preset=\u00a0\u00bbdefault\u00a0\u00bb global_colors_info=\u00a0\u00bb{}\u00a0\u00bb theme_builder_area=\u00a0\u00bbpost_content\u00a0\u00bb][et_pb_column type=\u00a0\u00bb4_4&Prime; _builder_version=\u00a0\u00bb4.21.0&Prime; _module_preset=\u00a0\u00bbdefault\u00a0\u00bb global_colors_info=\u00a0\u00bb{}\u00a0\u00bb theme_builder_area=\u00a0\u00bbpost_content\u00a0\u00bb][et_pb_text _builder_version=\u00a0\u00bb4.21.0&Prime; _module_preset=\u00a0\u00bbdefault\u00a0\u00bb text_font_size=\u00a0\u00bb18px\u00a0\u00bb global_colors_info=\u00a0\u00bb{}\u00a0\u00bb theme_builder_area=\u00a0\u00bbpost_content\u00a0\u00bb]<\/p>\n<p><strong>\u00c9DITEUR DU SITE<\/strong><\/p>\n<p>Le pr\u00e9sent site est la propri\u00e9t\u00e9 de la Ville de Montrond les Bains<\/p>\n<p>Coordonn\u00e9es :<br \/>Mairie de Montrond les Bains<br \/>1 place du G\u00e9n\u00e9rale de Gaulle<br \/>42210 Montrond les bains<br \/>T\u00e9l\u00e9phone : 04 77 54 42 77<\/p>\n<p><strong>DIRECTEUR DE PUBLICATION<\/strong><\/p>\n<p>Serge Percet \u2013 Maire<\/p>\n<p><strong>CR\u00c9DITS ET AUTORISATIONS LI\u00c9ES AUX CONTENUS DU SITE<\/strong><\/p>\n<p>Animation \u00e9ditoriale, gestion et mises \u00e0 jour<\/p>\n<p>Direction de la Communication &amp; du Num\u00e9rique<\/p>\n<p>Droits d\u2019auteur :<\/p>\n<p>L\u2019ensemble de ce site rel\u00e8ve de la l\u00e9gislation fran\u00e7aise et internationale sur le droit d\u2019auteur et la propri\u00e9t\u00e9 intellectuelle. Tous droits de reproduction sont r\u00e9serv\u00e9s, y compris pour les documents photographiques.<\/p>\n<p>La reproduction de tout ou partie de ce site sur un support \u00e9lectronique quel qu\u2019il soit est formellement interdite sauf autorisation expresse de la direction de la communication.<\/p>\n<p>La reproduction des textes de ce site sur un support papier est autoris\u00e9e, tout particuli\u00e8rement dans le cadre p\u00e9dagogique, sous r\u00e9serve du respect des trois conditions suivantes :<\/p>\n<p>diffusion gratuite ;<br \/>pas de modification ni alt\u00e9ration d\u2019aucune sorte des documents reproduits ;<br \/>citation claire et lisible de la source de la fa\u00e7on suivante : \u00ab Ce document provient du site internet montrond-les-bains, les droits de reproduction sont r\u00e9serv\u00e9s et strictement limit\u00e9s. \u00bb.<br \/>Cr\u00e9dits photo :<br \/>Les photos, images fixes et anim\u00e9es, sons, vid\u00e9os et documents publi\u00e9s sur ce site, ne peuvent \u00eatre reproduits sans autorisation pr\u00e9alable sollicit\u00e9e aupr\u00e8s de la Ville de Montrond les Bains. La demande pr\u00e9cisera le support de reproduction et son mode de diffusion. Les photos et les images utilis\u00e9es apr\u00e8s autorisation mentionneront le copyright la Ville de Montrond les Bains ou celui indiqu\u00e9 au moment de l\u2019autorisation.<\/p>\n<p>Toute reproduction de contenus \u00e9ditoriaux, de photos et d\u2019images, sons, vid\u00e9os ou documents dans un but commercial ou publicitaire est interdite.<\/p>\n<p>Si vous constatez une inexactitude dans les informations donn\u00e9es sur ce site, ou pour toute suggestion, information, r\u00e9action, merci de nous contacter.<\/p>\n<p>La Ville de Montrond les Bains ne saurait \u00eatre tenue responsable de l\u2019utilisation abusive qui serait faite des contenus \u00e9ditoriaux, photos, images, liens et documents.<\/p>\n<p><strong>\u00c9TABLISSEMENT DE LIENS HYPERTEXTES VERS CE SITE<\/strong><\/p>\n<p>Les liens pointant vers la page d\u2019accueil ou l\u2019une des pages de ce site [doivent\/peuvent] \u00eatre [soumis \u00e0\/\u00e9tablis sans] autorisation pr\u00e9alable. Dans ce cas la mention explicite du titre \u00abVille de Montrond les Bains\u00bb devra \u00eatre port\u00e9e \u00e0 proximit\u00e9 du lien. Veuillez noter que la Ville de Montrond les Bains se r\u00e9serve le droit de modifier ou supprimer l\u2019URL des pages sans avertissement ; il incombe aux webmestres des sites pointant vers ce site de v\u00e9rifier leur p\u00e9rennit\u00e9. L\u2019\u00e9tablissement de liens \u00e0 partir de sites ayant un but commercial ou publicitaire ou \u00e0 partir de sites diffusant des informations \u00e0 caract\u00e8re illicite, violent, pol\u00e9mique, pornographique, x\u00e9nophobe ou pouvant porter atteinte \u00e0 la sensibilit\u00e9 du plus grand nombre est strictement interdit.<\/p>\n<p>Liens vers les documents : dans tous les cas, l\u2019\u00e9tablissement de liens direct vers les documents t\u00e9l\u00e9chargeables de ce site, images, sons ou vid\u00e9os est interdit.<\/p>\n<p><strong>CONCEPTION ET D\u00c9VELOPPEMENT DU SITE<\/strong><\/p>\n<p>D\u00e9veloppement du site : Olivier GRELLET \u2013 Responsable Informatique de la ville.<\/p>\n<p>Toute utilisation ou reproduction d\u2019\u00e9l\u00e9ments graphiques, ergonomiques et d\u2019une mani\u00e8re g\u00e9n\u00e9rale de composants de la charte graphique de ce site est interdite.<\/p>\n<p><strong>H\u00c9BERGEUR<\/strong><\/p>\n<p>Soci\u00e9t\u00e9 OVH, 2 rue Kellermann \u2013 59100 Roubaix \u2013 France<\/p>\n<p><strong>PROTECTION ET TRAITEMENT DES DONN\u00c9ES PERSONNELLES<\/strong><\/p>\n<p>L\u2019\u00e9diteur de ce site garantit le respect des r\u00e8glements en vigueur en mati\u00e8re de donn\u00e9es personnelles, et en particulier du RGPD. Ainsi, ne sont enregistr\u00e9es sur ce site que les donn\u00e9es personnelles n\u00e9cessaires \u00e0 la bonne ex\u00e9cution des services propos\u00e9s et \u00e0 l\u2019exclusion de toute autre fin.<\/p>\n<p><strong>ACCESSIBILIT\u00c9<\/strong><\/p>\n<p>Ce site a \u00e9t\u00e9 con\u00e7u pour \u00eatre le plus accessible possible \u00e0 toutes les personnes, ind\u00e9pendamment de leurs dispositions physiques, cognitives, mat\u00e9rielles ou g\u00e9ographiques.<\/p>\n<p>L\u2019objectif de la Ville de Montrond les Bains est d\u2019atteindre un niveau d\u2019accessibilit\u00e9 conforme aux recommandations du R\u00e9f\u00e9rentiel G\u00e9n\u00e9ral d\u2019Accessibilit\u00e9 des Administrations (RGAA) afin de respecter la loi 2005-102 du 11 f\u00e9vrier 2005 pour l\u2019\u00e9galit\u00e9 des droits et des chances, la participation et la citoyennet\u00e9 des personnes handicap\u00e9es. Ce respect du r\u00e9f\u00e9rentiel entra\u00eene la conformit\u00e9 du site avec la norme ISO\/IEC 40500:2012 relative \u00e0 l\u2019accessibilit\u00e9 des contenus web.<\/p>\n<p>Si vous rencontrez des difficult\u00e9s dans l\u2019utilisation de ce site, ou si vous constatez qu\u2019une page ne correspond pas aux crit\u00e8res du RGAA, merci de nous les signaler, nous nous efforcerons d\u2019apporter les am\u00e9liorations ad\u00e9quates.<\/p>\n<p>[\/et_pb_text][\/et_pb_column][\/et_pb_row][\/et_pb_section]<\/p>\n","protected":false},"excerpt":{"rendered":"<p>\u00c9DITEUR DU SITE Le pr\u00e9sent site est la propri\u00e9t\u00e9 de la Ville de Montrond les Bains Coordonn\u00e9es :Mairie de Montrond les Bains1 place du G\u00e9n\u00e9rale de Gaulle42210 Montrond les bainsT\u00e9l\u00e9phone : 04 77 54 42 77 DIRECTEUR DE PUBLICATION Serge Percet \u2013 Maire CR\u00c9DITS ET AUTORISATIONS LI\u00c9ES AUX CONTENUS DU SITE Animation \u00e9ditoriale, gestion et [&hellip;]<\/p>\n","protected":false},"author":2,"featured_media":0,"parent":0,"menu_order":0,"comment_status":"closed","ping_status":"closed","template":"","meta":{"_et_pb_use_builder":"on","_et_pb_old_content":"<!-- wp:complianz\/document {\"title\":\"Avertissement\",\"selectedDocument\":\"disclaimer-all\"} \/-->","_et_gb_content_width":"","footnotes":""},"class_list":["post-493","page","type-page","status-publish","hentry"],"_links":{"self":[{"href":"https:\/\/www.montrond-le-fort.fr\/index.php\/wp-json\/wp\/v2\/pages\/493","targetHints":{"allow":["GET"]}}],"collection":[{"href":"https:\/\/www.montrond-le-fort.fr\/index.php\/wp-json\/wp\/v2\/pages"}],"about":[{"href":"https:\/\/www.montrond-le-fort.fr\/index.php\/wp-json\/wp\/v2\/types\/page"}],"author":[{"embeddable":true,"href":"https:\/\/www.montrond-le-fort.fr\/index.php\/wp-json\/wp\/v2\/users\/2"}],"replies":[{"embeddable":true,"href":"https:\/\/www.montrond-le-fort.fr\/index.php\/wp-json\/wp\/v2\/comments?post=493"}],"version-history":[{"count":3,"href":"https:\/\/www.montrond-le-fort.fr\/index.php\/wp-json\/wp\/v2\/pages\/493\/revisions"}],"predecessor-version":[{"id":503,"href":"https:\/\/www.montrond-le-fort.fr\/index.php\/wp-json\/wp\/v2\/pages\/493\/revisions\/503"}],"wp:attachment":[{"href":"https:\/\/www.montrond-le-fort.fr\/index.php\/wp-json\/wp\/v2\/media?parent=493"}],"curies":[{"name":"wp","href":"https:\/\/api.w.org\/{rel}","templated":true}]}}